{"id":5222,"date":"2015-02-12T11:36:56","date_gmt":"2015-02-12T10:36:56","guid":{"rendered":"https:\/\/europeanobsndfr.org\/action-programme-2\/"},"modified":"2026-02-13T15:17:45","modified_gmt":"2026-02-13T14:17:45","slug":"nos-actions","status":"publish","type":"page","link":"https:\/\/europeanobsndfr.org\/en\/nos-actions\/","title":{"rendered":"Nos Actions"},"content":{"rendered":"<div>\n<h1 style=\"text-align: justify;\">Nos domaines d&rsquo;actions<\/h1>\n<h2>Pour faire progresser la non-discrimination et les droits fondamentaux en Europe.<\/h2>\n<div style=\"display: flex; align-items: flex-start; gap: 40px; margin: 60px 0; flex-wrap: wrap;\">\n<p><!-- COLONNE TEXTE --><\/p>\n<div style=\"flex: 1; min-width: 300px;\">\n<h2>Nos actions de terrain<\/h2>\n<p style=\"text-align: justify;\">Nous intervenons au plus pr\u00e8s des r\u00e9alit\u00e9s sociales et migratoires, recueillons des \u00e9l\u00e9ments concrets et documentons les situations v\u00e9cues.<\/p>\n<p style=\"text-align: justify;\">\nCette expertise de terrain nourrit notre dialogue institutionnel europ\u00e9en et renforce la cr\u00e9dibilit\u00e9 de nos plaidoyers.<\/p>\n<\/div>\n<p><!-- COLONNE IMAGE --><\/p>\n<div style=\"flex: 1; min-width: 300px;\"><img decoding=\"async\" style=\"width: 100%; height: 350px; object-fit: cover; border-radius: 8px;\" src=\"http:\/\/europeanobsndfr.org\/wp-content\/uploads\/2026\/02\/photoChristerrain.jpeg\" \/><\/div>\n<\/div>\n<p>&nbsp;<\/p>\n<p style=\"text-align: justify;\"><strong>Nous attachons une pr\u00e9f\u00e9rence<\/strong> <strong>sp\u00e9cifique<\/strong> <strong>aux domaines d&rsquo;actions suivants<\/strong> :<\/p>\n<ul style=\"text-align: justify;\">\n<li><span style=\"color: #0000ff;\"><strong><a style=\"color: #0000ff;\" title=\"Acc\u00e8s \u00e0 la justice\" href=\"https:\/\/europeanobsndfr.org\/en\/category\/acces-a-la-justice\/\">Acc\u00e8s \u00e0 la justice<\/a><\/strong><\/span><\/li>\n<li><span style=\"color: #0000ff;\"><strong><a style=\"color: #0000ff;\" title=\"Asile, immigration et fronti\u00e8res\" href=\"https:\/\/europeanobsndfr.org\/en\/category\/actualites-fr\/asylum-migration-and-borders\/\">Asile, immigration et fronti\u00e8res<\/a><\/strong><\/span><\/li>\n<li><span style=\"color: #0000ff;\"><strong><a style=\"color: #0000ff;\" title=\"Asile, immigration et fronti\u00e8res\" href=\"https:\/\/europeanobsndfr.org\/en\/category\/actualites-fr\/bioethique-transhumanisme\/\">Bio\u00e9thique &#8211; Transhumanisme<\/a><\/strong><\/span><\/li>\n<li><span style=\"color: #0000ff;\"><strong><a style=\"color: #0000ff;\" title=\"Combat contre la pauvret\u00e9, contre l'Exclusion sociale et pour l'inclusion sociale\" href=\"https:\/\/europeanobsndfr.org\/en\/category\/actualites-fr\/combat-contre-pauvrete\/\">Combat contre la pauvret\u00e9, contre l&rsquo;exclusion sociale et pour l&rsquo;inclusion sociale <\/a><\/strong><\/span><\/li>\n<li><span style=\"color: #0000ff;\"><strong><a style=\"color: #0000ff;\" title=\"Crimes de haine\" href=\"https:\/\/europeanobsndfr.org\/en\/category\/actualites-fr\/crimes-de-haine\/\">Crimes de haine<\/a><\/strong><\/span><\/li>\n<li><span style=\"color: #0000ff;\"><strong><a style=\"color: #0000ff;\" title=\"Droits des enfants\" href=\"https:\/\/europeanobsndfr.org\/en\/category\/actualites-fr\/droits-des-enfants\/\">Droits des enfants<\/a><\/strong><\/span><\/li>\n<li><span style=\"color: #0000ff;\"><strong><a style=\"color: #0000ff;\" title=\"Lutte contre le trafic des \u00eatres humains\" href=\"https:\/\/europeanobsndfr.org\/en\/category\/actualites-fr\/lutte-contre-trafic-etres-humains\/\">Lutte contre le trafic des \u00eatres humains<\/a><\/strong><\/span><\/li>\n<li><span style=\"color: #0000ff;\"><strong><a style=\"color: #0000ff;\" title=\"Personnes en situation de handicap et inclusion\" href=\"https:\/\/europeanobsndfr.org\/en\/category\/actualites-fr\/actus-personnes-situation-handicap\/\">Personnes en situation de handicap et inclusion<\/a><\/strong><\/span><\/li>\n<li><span style=\"color: #0000ff;\"><strong><a style=\"color: #0000ff;\" title=\"Personnes sans-abri rejet\u00e9es en raison de leur orientation sexuelle\/LGBTI\" href=\"https:\/\/europeanobsndfr.org\/en\/category\/personnes-sans-abri-rejetees-en-raison-de-leur-orientation-sexuelle\/\">Personnes \u00a0discrimin\u00e9es en raison de leur orientation sexuelle ou de leur genre \/ LGBTQI<\/a><\/strong><\/span><\/li>\n<li><span style=\"color: #0000ff;\"><strong><a style=\"color: #0000ff;\" title=\"Protection des donn\u00e9es et vie priv\u00e9e\" href=\"https:\/\/europeanobsndfr.org\/en\/category\/protection-donnees-vie-privee\/\">Protection des donn\u00e9es et vie priv\u00e9e<\/a><\/strong><\/span><\/li>\n<li><span style=\"color: #0000ff;\"><strong><a style=\"color: #0000ff;\" title=\"Questions de genre\/Egalit\u00e9 hommes-Femmes\" href=\"https:\/\/europeanobsndfr.org\/en\/category\/actualites-fr\/egalite-hommes-femmes\/\">Egalit\u00e9 hommes-Femmes<\/a><\/strong><\/span><\/li>\n<li><span style=\"color: #0000ff;\"><strong><a style=\"color: #0000ff;\" title=\"Racisme et intol\u00e9rances li\u00e9es \/Int\u00e9grations des minorit\u00e9s ethniques et nationales\" href=\"https:\/\/europeanobsndfr.org\/en\/category\/actualites-fr\/integration-des-minorites-ethniques-et-nationales\/\">Racisme et intol\u00e9rances li\u00e9es \/Int\u00e9grations des minorit\u00e9s ethniques et nationales<\/a><\/strong><\/span><\/li>\n<li><strong><a title=\"Roms\" href=\"https:\/\/europeanobsndfr.org\/en\/category\/roma\/\"><span style=\"color: #0000ff;\">Droits des Roms<\/span><\/a><\/strong><\/li>\n<\/ul>\n<h2 id=\"anchor-missions-map\" style=\"text-align: justify;\">Carte des missions de mise en pratique d&rsquo;actions de non-discrimination dans l&rsquo;Union Europ\u00e9enne<\/h2>\n<p style=\"text-align: justify;\">Nous sommes intervenus dans de nombreuses villes de l&rsquo;Union Europ\u00e9enne, pour mettre en pratique ces actions en mati\u00e8re de non-discrimination et de droits fondamentaux (cf. <strong>Carte des missions).<\/strong><\/p>\n<\/div>\n<style type=\"text\/css\" id=\"gmpMapStyles_1_83619\">\r\n\t#google_map_easy_1_83619 {\r\n        width: 100%;\r\n        height: 250px;\r\n\t\t\t\t\t\t    }\r\n\t#gmapControlsNum_1_83619 {\r\n\t\twidth:100%\t}\r\n\t.gmpMapDetailsContainer#gmpMapDetailsContainer_1_83619 {\r\n\t\theight:250px;\r\n\t}\r\n\t.gmp_MapPreview#google_map_easy_1_83619 {\r\n\t\t\/*position:absolute;*\/\r\n\t\twidth: 100%;\r\n\t}\r\n\t#mapConElem_1_83619{\r\n\t\twidth: 100%\t}\r\n    .gm-style .gm-style-iw-c{\r\n        padding: 12px!important;\r\n    }\r\n\t    <\/style>\r\n <div class=\"gmp_map_opts\" id=\"mapConElem_1_83619\" data-id=\"1\" data-view-id=\"1_83619\" > <div class=\"gmpMapDetailsContainer\" id=\"gmpMapDetailsContainer_1_83619\"> <i class=\"gmpKMLLayersPreloader fa fa-spinner fa-spin\" aria-hidden=\"true\" style=\"display: none;\"><\/i> <div class=\"gmp_MapPreview\" id=\"google_map_easy_1_83619\"><\/div> <\/div> <div class=\"gmpMapMarkerFilters\" id=\"gmpMapMarkerFilters_1_83619\"> <\/div> <div class=\"gmpMapProControlsCon\" id=\"gmpMapProControlsCon_1_83619\"> <a title=\"WordPress Map Plugin\" style=\"display:none;\" href=\"https:\/\/supsystic.com\/plugins\/google-maps-plugin\/?utm_medium=love_link_hide\" target=\"_blank\">WordPress Map Plugin<\/a><div style=\"clear: both;\"><\/div> <\/div> <div class=\"gmpMapProDirectionsCon\" id=\"gmpMapProDirectionsCon_1_83619\" > <\/div> <div class=\"gmpMapProKmlFilterCon\" id=\"gmpMapProKmlFilterCon_1_83619\" > <\/div> <div class=\"gmpSocialSharingShell gmpSocialSharingShell_1_83619\"> <\/div> <div style=\"clear: both;\"><\/div> <\/div>","protected":false},"excerpt":{"rendered":"<p>Nos domaines d&rsquo;actions Pour faire progresser la non-discrimination et les droits fondamentaux en Europe. Nos actions de terrain Nous intervenons au plus pr\u00e8s des r\u00e9alit\u00e9s sociales et migratoires, recueillons des \u00e9l\u00e9ments concrets et documentons les situations v\u00e9cues. Cette expertise de terrain nourrit notre dialogue institutionnel europ\u00e9en et renforce la cr\u00e9dibilit\u00e9 de nos plaidoyers. &nbsp; Nous&#8230;<\/p>","protected":false},"author":1,"featured_media":0,"parent":0,"menu_order":9,"comment_status":"closed","ping_status":"closed","template":"","meta":{"give_campaign_id":0,"_kadence_starter_templates_imported_post":false,"_kad_post_transparent":"","_kad_post_title":"","_kad_post_layout":"","_kad_post_sidebar_id":"","_kad_post_content_style":"","_kad_post_vertical_padding":"","_kad_post_feature":"","_kad_post_feature_position":"","_kad_post_header":false,"_kad_post_footer":false,"_kad_post_classname":"","footnotes":""},"class_list":["post-5222","page","type-page","status-publish","hentry"],"aioseo_notices":[],"campaignId":"","jetpack-related-posts":[],"jetpack_sharing_enabled":true,"_links":{"self":[{"href":"https:\/\/europeanobsndfr.org\/en\/wp-json\/wp\/v2\/pages\/5222","targetHints":{"allow":["GET"]}}],"collection":[{"href":"https:\/\/europeanobsndfr.org\/en\/wp-json\/wp\/v2\/pages"}],"about":[{"href":"https:\/\/europeanobsndfr.org\/en\/wp-json\/wp\/v2\/types\/page"}],"author":[{"embeddable":true,"href":"https:\/\/europeanobsndfr.org\/en\/wp-json\/wp\/v2\/users\/1"}],"replies":[{"embeddable":true,"href":"https:\/\/europeanobsndfr.org\/en\/wp-json\/wp\/v2\/comments?post=5222"}],"version-history":[{"count":3,"href":"https:\/\/europeanobsndfr.org\/en\/wp-json\/wp\/v2\/pages\/5222\/revisions"}],"predecessor-version":[{"id":18884,"href":"https:\/\/europeanobsndfr.org\/en\/wp-json\/wp\/v2\/pages\/5222\/revisions\/18884"}],"wp:attachment":[{"href":"https:\/\/europeanobsndfr.org\/en\/wp-json\/wp\/v2\/media?parent=5222"}],"curies":[{"name":"wp","href":"https:\/\/api.w.org\/{rel}","templated":true}]}}

<div>
<h1 style="text-align: justify;">Nos domaines d&rsquo;actions</h1>
<h2>Pour faire progresser la non-discrimination et les droits fondamentaux en Europe.</h2>
<div style="display: flex; align-items: flex-start; gap: 40px; margin: 60px 0; flex-wrap: wrap;">
<p><!-- COLONNE TEXTE --></p>
<div style="flex: 1; min-width: 300px;">
<h2>Nos actions de terrain</h2>
<p style="text-align: justify;">Nous intervenons au plus près des réalités sociales et migratoires, recueillons des éléments concrets et documentons les situations vécues.</p>
<p style="text-align: justify;">
Cette expertise de terrain nourrit notre dialogue institutionnel européen et renforce la crédibilité de nos plaidoyers.</p>
</div>
<p><!-- COLONNE IMAGE --></p>
<div style="flex: 1; min-width: 300px;"><img decoding="async" style="width: 100%; height: 350px; object-fit: cover; border-radius: 8px;" src="http://europeanobsndfr.org/wp-content/uploads/2026/02/photoChristerrain.jpeg" /></div>
</div>
<p>&nbsp;</p>
<p style="text-align: justify;"><strong>Nous attachons une préférence</strong> <strong>spécifique</strong> <strong>aux domaines d&rsquo;actions suivants</strong> :</p>
<ul style="text-align: justify;">
<li><span style="color: #0000ff;"><strong><a style="color: #0000ff;" title="Accès à la justice" href="https://europeanobsndfr.org/en/category/acces-a-la-justice/">Accès à la justice</a></strong></span></li>
<li><span style="color: #0000ff;"><strong><a style="color: #0000ff;" title="Asile, immigration et frontières" href="https://europeanobsndfr.org/en/category/actualites-fr/asylum-migration-and-borders/">Asile, immigration et frontières</a></strong></span></li>
<li><span style="color: #0000ff;"><strong><a style="color: #0000ff;" title="Asile, immigration et frontières" href="https://europeanobsndfr.org/en/category/actualites-fr/bioethique-transhumanisme/">Bioéthique &#8211; Transhumanisme</a></strong></span></li>
<li><span style="color: #0000ff;"><strong><a style="color: #0000ff;" title="Combat contre la pauvreté, contre l'Exclusion sociale et pour l'inclusion sociale" href="https://europeanobsndfr.org/en/category/actualites-fr/combat-contre-pauvrete/">Combat contre la pauvreté, contre l&rsquo;exclusion sociale et pour l&rsquo;inclusion sociale </a></strong></span></li>
<li><span style="color: #0000ff;"><strong><a style="color: #0000ff;" title="Crimes de haine" href="https://europeanobsndfr.org/en/category/actualites-fr/crimes-de-haine/">Crimes de haine</a></strong></span></li>
<li><span style="color: #0000ff;"><strong><a style="color: #0000ff;" title="Droits des enfants" href="https://europeanobsndfr.org/en/category/actualites-fr/droits-des-enfants/">Droits des enfants</a></strong></span></li>
<li><span style="color: #0000ff;"><strong><a style="color: #0000ff;" title="Lutte contre le trafic des êtres humains" href="https://europeanobsndfr.org/en/category/actualites-fr/lutte-contre-trafic-etres-humains/">Lutte contre le trafic des êtres humains</a></strong></span></li>
<li><span style="color: #0000ff;"><strong><a style="color: #0000ff;" title="Personnes en situation de handicap et inclusion" href="https://europeanobsndfr.org/en/category/actualites-fr/actus-personnes-situation-handicap/">Personnes en situation de handicap et inclusion</a></strong></span></li>
<li><span style="color: #0000ff;"><strong><a style="color: #0000ff;" title="Personnes sans-abri rejetées en raison de leur orientation sexuelle/LGBTI" href="https://europeanobsndfr.org/en/category/personnes-sans-abri-rejetees-en-raison-de-leur-orientation-sexuelle/">Personnes  discriminées en raison de leur orientation sexuelle ou de leur genre / LGBTQI</a></strong></span></li>
<li><span style="color: #0000ff;"><strong><a style="color: #0000ff;" title="Protection des données et vie privée" href="https://europeanobsndfr.org/en/category/protection-donnees-vie-privee/">Protection des données et vie privée</a></strong></span></li>
<li><span style="color: #0000ff;"><strong><a style="color: #0000ff;" title="Questions de genre/Egalité hommes-Femmes" href="https://europeanobsndfr.org/en/category/actualites-fr/egalite-hommes-femmes/">Egalité hommes-Femmes</a></strong></span></li>
<li><span style="color: #0000ff;"><strong><a style="color: #0000ff;" title="Racisme et intolérances liées /Intégrations des minorités ethniques et nationales" href="https://europeanobsndfr.org/en/category/actualites-fr/integration-des-minorites-ethniques-et-nationales/">Racisme et intolérances liées /Intégrations des minorités ethniques et nationales</a></strong></span></li>
<li><strong><a title="Roms" href="https://europeanobsndfr.org/en/category/roma/"><span style="color: #0000ff;">Droits des Roms</span></a></strong></li>
</ul>
<h2 id="anchor-missions-map" style="text-align: justify;">Carte des missions de mise en pratique d&rsquo;actions de non-discrimination dans l&rsquo;Union Européenne</h2>
<p style="text-align: justify;">Nous sommes intervenus dans de nombreuses villes de l&rsquo;Union Européenne, pour mettre en pratique ces actions en matière de non-discrimination et de droits fondamentaux (cf. <strong>Carte des missions).</strong></p>
</div>
<style type="text/css" id="gmpMapStyles_1_83619">
	#google_map_easy_1_83619 {
        width: 100%;
        height: 250px;
						    }
	#gmapControlsNum_1_83619 {
		width:100%	}
	.gmpMapDetailsContainer#gmpMapDetailsContainer_1_83619 {
		height:250px;
	}
	.gmp_MapPreview#google_map_easy_1_83619 {
		/*position:absolute;*/
		width: 100%;
	}
	#mapConElem_1_83619{
		width: 100%	}
    .gm-style .gm-style-iw-c{
        padding: 12px!important;
    }
	    </style>
 <div class="gmp_map_opts" id="mapConElem_1_83619" data-id="1" data-view-id="1_83619" > <div class="gmpMapDetailsContainer" id="gmpMapDetailsContainer_1_83619"> <i class="gmpKMLLayersPreloader fa fa-spinner fa-spin" aria-hidden="true" style="display: none;"></i> <div class="gmp_MapPreview" id="google_map_easy_1_83619"></div> </div> <div class="gmpMapMarkerFilters" id="gmpMapMarkerFilters_1_83619"> </div> <div class="gmpMapProControlsCon" id="gmpMapProControlsCon_1_83619"> <a title="WordPress Map Plugin" style="display:none;" href="https://supsystic.com/plugins/google-maps-plugin/?utm_medium=love_link_hide" target="_blank">WordPress Map Plugin</a><div style="clear: both;"></div> </div> <div class="gmpMapProDirectionsCon" id="gmpMapProDirectionsCon_1_83619" > </div> <div class="gmpMapProKmlFilterCon" id="gmpMapProKmlFilterCon_1_83619" > </div> <div class="gmpSocialSharingShell gmpSocialSharingShell_1_83619"> </div> <div style="clear: both;"></div> </div>

<p>Nos domaines d&rsquo;actions Pour faire progresser la non-discrimination et les droits fondamentaux en Europe. Nos actions de terrain Nous intervenons au plus près des réalités sociales et migratoires, recueillons des éléments concrets et documentons les situations vécues. Cette expertise de terrain nourrit notre dialogue institutionnel européen et renforce la crédibilité de nos plaidoyers. &nbsp; Nous&#8230;</p>
